10096245?
9
What is the hundred millions digit of 1533059143?
5
What is the units digit of 153662924?
4
What is the millions digit of 37727046?
7
What is the hundreds digit of 4015976?
9
What is the hundreds digit of 150553694?
6
What is the tens digit of 54718940?
4
What is the thousands digit of 40765894?
5
What is the ten thousands digit of 739858090?
5
What is the millions digit of 182824014?
2
What is the hundreds digit of 23102073?
0
What is the thousands digit of 264570996?
0
What is the ten thousands digit of 191588488?
8
What is the ten thousands digit of 4531610133?
1
What is the hundred thousands digit of 5578017181?
0
What is the units digit of 338718407?
7
What is the hundred millions digit of 339228166?
3
What is the units digit of 159130279?
9
What is the ten thousands digit of 16508992?
0
What is the hundred millions digit of 490458287?
4
What is the ten millions digit of 685670849?
8
What is the millions digit of 4355259?
4
What is the hundred millions digit of 621776119?
6
What is the hundreds digit of 29190743?
7
What is the tens digit of 145073343?
4
What is the hundred millions digit of 1737564255?
7
What is the ten thousands digit of 7546434274?
3
What is the hundreds digit of 206428232?
2
What is the ten thousands digit of 100949905?
4
What is the hundreds digit of 402628065?
0
What is the tens digit of 1538726158?
5
What is the hundreds digit of 247403578?
5
What is the thousands digit of 200547678?
7
What is the millions digit of 797756489?
7
What is the hundreds digit of 20437439?
4
What is the ten millions digit of 13201763?
1
What is the tens digit of 285243970?
7
What is the hundred millions digit of 280768012?
2
What is the thousands digit of 45393590?
3
What is the hundred thousands digit of 3410353407?
3
What is the hundred millions digit of 1023896605?
0
What is the thousands digit of 812865272?
5
What is the billions digit of 5495953429?
5
What is the ten millions digit of 1643514662?
4
What is the units digit of 921924361?
1
What is the ten thousands digit of 2643946441?
4
What is the hundred thousands digit of 3190682208?
6
What is the units digit of 169853861?
1
What is the ten thousands digit of 92473766?
7
What is the hundred thousands digit of 672526718?
5
What is the ten millions digit of 446955148?
4
What is the tens digit of 2219317079?
7
What is the units digit of 4557125285?
5
What is the tens digit of 22414586?
8
What is the ten thousands digit of 1495218452?
1
What is the hundreds digit of 22496990?
9
What is the ten millions digit of 14040542?
1
What is the hundred millions digit of 2053671531?
0
What is the hundred thousands digit of 28790145?
7
What is the ten thousands digit of 40813559?
1
What is the ten thousands digit of 14154858?
5
What is the millions digit of 143623774?
3
What is the ten thousands digit of 2314613388?
1
What is the hundred thousands digit of 941348519?
3
What is the hundreds digit of 2260570188?
1
What is the hundred thousands digit of 973911418?
9
What is the units digit of 35956482?
2
What is the units digit of 80583454?
4
What is the hundred thousands digit of 2532809436?
8
What is the hundred thousands digit of 4405022260?
0
What is the hundred thousands digit of 21971906?
9
What is the ten thousands digit of 35298128?
9
What is the ten thousands digit of 138379253?
7
What is the thousands digit of 328601717?
1
What is the hundred millions digit of 347548284?
3
What is the hundreds digit of 4609873?
8
What is the thousands digit of 49223792?
3
What is the units digit of 104254985?
5
What is the ten millions digit of 35255788?
3
What is the tens digit of 1860680072?
7
What is the hundred millions digit of 1267993530?
2
What is the millions digit of 711621849?
1
What is the hundred millions digit of 1787382437?
7
What is the hundreds digit of 134544129?
1
What is the hundred millions digit of 794753849?
7
What is the hundred thousands digit of 358433362?
4
What is the tens digit of 102154000?
0
What is the millions digit of 104862786?
4
What is the millions digit of 93845944?
3
What is the hundreds digit of 90021405?
4
What is the hundreds digit of 153703950?
9
What is the hundred thousands digit of 361761609?
7
What is the tens digit of 79403427?
2
What is the hundred thousands digit of 37642888?
6
What is the millions digit of 211366501?
1
What is the thousands digit of 188215009?
5
What is the ten thousands digit of 227575739?
7
What is the ten thousands digit of 1133675905?
7
What is the millions digit of 4485655723?
5
What is the units digit of 16545216?
6
What is the units digit of 1482833587?
7
What is the ten millions digit of 52133197?
5
What is the hundred millions digit of 728525771?
7
What is the millions digit of 17675362?
7
What is the units digit of 581423953?
3
What is the hundred millions digit of 931301269?
9
What is the units digit of 476860487?
7
What is the tens digit of 13045809?
0
What is the ten millions digit of 2571556355?
7
What is the hundred thousands digit of 273891317?
8
What is the ten thousands digit of 273560328?
6
What is the ten thousands digit of 172927595?
2
What is the units digit of 1159224287?
7
What is the hundred thousands digit of 1105119021?
1
What is the millions digit of 14052224?
4
What is the hundred thousands digit of 135994246?
9
What is the ten thousands digit of 2158270588?
7
What is the tens digit of 933424194?
9
What is the ten thousands digit of 533236969?
3
What is the hundred millions digit of 397849815?
3
What is the millions digit of 11792446?
1
What is the hundred millions digit of 1021391239?
0
What is the ten millions digit of 52219595?
5
What is the hundred thousands digit of 3171922101?
9
What is the millions digit of 30048275?
0
What is the hundred thousands digit of 2718624673?
6
What is the ten thousands digit of 1389029800?
2
What is the ten millions digit of 448933425?
4
What is the units digit of 6740847?
7
What is the thousands digit of 545696718?
6
What is the billions digit of 1129908265?
1
What is the hundreds digit of 42259322?
3
What is the thousands digit of 2767026780?
6
What is the millions digit of 17290828?
7
What is the millions digit of 5263206957?
3
What is the hundreds digit of 26907928?
9
What is the ten thousands digit of 59812493?
1
What is the thousands digit of 155514685?
4
What is the thousands digit of 942223059?
3
What is the thousands digit of 767791845?
1
What is the ten millions digit of 376811584?
7
What is the thousands digit of 744477276?
7
What is the units digit of 1908633938?
8
What is the millions digit of 217662709?
7
What is the thousands digit of 3729289?
9
What is the thousands digit of 537582283?
2
What is the hundreds digit of 30467222?
2
What is the thousands digit of 80926788?
6
What is the ten millions digit of 195160220?
9
What is the ten thousands digit of 38854593?
5
What is the hundred thousands digit of 1606631578?
6
What is the hundred thousands digit of 864650854?
6
What is the hundred millions digit of 884297403?
8
What is the thousands digit of 1357995802?
5
What is the millions digit of 1553733214?
3
What is the thousands digit of 73764650?
4
What is the hundreds digit of 645972654?
6
What is the ten thousands digit of 112135429?
3
What is the units digit of 5381265105?
5
What is the thousands digit of 104710109?
0
What is the units digit of 6357657418?
8
What is the hundred thousands digit of 1939372997?
3
What is the hundred thousands digit of 161835612?
8
What is the tens digit of 625209863?
6
What is the hundred millions digit of 1268770624?
2
What is the hundred thousands digit of 1468267838?
2
What is the ten thousands digit of 1458398508?
9
What is the ten millions digit of 59480902?
5
What is the millions digit of 46997885?
6
What is the millions digit of 43519836?
3
What is the hundreds digit of 37985334?
3
What is the ten thousands digit of 233070326?
7
What is the tens digit of 2458566775?
7
What is the hundreds digit of 15934580?
5
What is the thousands digit of 461100438?
0
What is the hundreds digit of 20515233?
2
What is the hundreds digit of 1582827582?
5
What is the ten millions digit of 33630303?
3
What is the hundred thousands digit of 2740357?
7
What is the millions digit of 738259265?
8
What is the thousands digit of 85255